{"id":38,"date":"2015-03-20T16:00:24","date_gmt":"2015-03-20T16:00:24","guid":{"rendered":"http:\/\/www.albertomorais.com.br\/site\/?page_id=38"},"modified":"2015-03-23T19:39:59","modified_gmt":"2015-03-23T19:39:59","slug":"cirurgias-esteticas-reparadoras","status":"publish","type":"page","link":"https:\/\/albertomorais.com.br\/site\/cirurgias-esteticas-reparadoras\/","title":{"rendered":"Cirurgias Est\u00e9ticas e Reparadoras"},"content":{"rendered":"<p><div class=\"et_pb_section et_pb_fullwidth_section header et_section_regular\" style='background-color:#ffffff;background-image:url(http:\/\/www.albertomorais.com.br\/site\/wp-content\/uploads\/2015\/03\/bg_content.png);'>\r\n\t\t\t\r\n\t\t\t\r\n\t\t\t\t\r\n\t\t\t\t<section class=\"et_pb_fullwidth_header et_pb_bg_layout_light et_pb_text_align_left\">\r\n\t\t\t<div class=\"et_pb_row\">\r\n\t\t\t\t<h1>Cirurgias Est\u00e9ticas e Reparadoras<\/h1>\r\n\t\t\t\t\r\n\t\t\t<\/div>\r\n\t\t<\/section>\r\n\t\t\t\r\n\t\t<\/div> <!-- .et_pb_section --><div class=\"et_pb_section et_section_regular\">\r\n\t\t\t\r\n\t\t\t\r\n\t\t\t\t\r\n\t\t\t\t<div class=\"et_pb_row\">\r\n\t\t\t<div class=\"et_pb_column et_pb_column_1_2\">\r\n\t\t\t<div class=\"et_pb_blurb et_pb_bg_layout_light et_pb_text_align_center et_pb_blurb_position_left\">\r\n\t\t\t<div class=\"et_pb_blurb_content\">\r\n\t\t\t\t<div class=\"et_pb_main_blurb_image\"><span class=\"et-pb-icon et-waypoint et_pb_animation_top\" style=\"color: #053759;\">=<\/span><\/div>\r\n\t\t\t\t<h4>Cirurgias Est\u00e9ticas<\/h4>\r\n\t\t\t\t\n<p>&nbsp;<\/p>\n<p>&#8211; Cirurgia da face (ritidoplastia ou lifting facial)<\/p>\n<p>&#8211; Cirurgia das orelhas (otoplastia ou corre\u00e7\u00e3o de orelhas em abano)<\/p>\n<p>&#8211; Cirurgia do nariz (rinoplastia)<\/p>\n<p>&#8211; Cirurgia de redu\u00e7\u00e3o das mamas (mamoplastia redutora)<\/p>\n<p>&#8211; Cirurgia de aumento das mamas (inclus\u00e3o de pr\u00f3teses de mama)<\/p>\n<p>&#8211; Cirurgia do abd\u00f4men (abdominoplastia)<\/p>\n<p>&#8211; Cirurgia dos bra\u00e7os (braquioplastia)<\/p>\n<p>&#8211; Cirurgia das coxas (cruroplastia)<\/p>\n<p>&#8211; Lipoaspira\u00e7\u00e3o (contorno corporal)<\/p>\n<p>&#8211; Lipoabdominoplastia<\/p>\n<p>&#8211; Lifting de seios (mastopexia)<\/p>\n\r\n\t\t\t<\/div> <!-- .et_pb_blurb_content -->\r\n\t\t<\/div> <!-- .et_pb_blurb -->\r\n\t\t<\/div> <!-- .et_pb_column --><div class=\"et_pb_column et_pb_column_1_2\">\r\n\t\t\t<div class=\"et_pb_blurb et_pb_bg_layout_light et_pb_text_align_center et_pb_blurb_position_left\">\r\n\t\t\t<div class=\"et_pb_blurb_content\">\r\n\t\t\t\t<div class=\"et_pb_main_blurb_image\"><span class=\"et-pb-icon et-waypoint et_pb_animation_top\" style=\"color: #053759;\">=<\/span><\/div>\r\n\t\t\t\t<h4>Cirurgias Reparadoras<\/h4>\r\n\t\t\t\t\n<p>&nbsp;<\/p>\n<p>&#8211; Corre\u00e7\u00e3o de cicatriz<\/p>\n<p>&#8211; Corre\u00e7\u00e3o de l\u00f3bulo b\u00edfido<\/p>\n<p>&#8211; Remo\u00e7\u00e3o cir\u00fargica de tumores de pele<\/p>\n\r\n\t\t\t<\/div> <!-- .et_pb_blurb_content -->\r\n\t\t<\/div> <!-- .et_pb_blurb -->\r\n\t\t<\/div> <!-- .et_pb_column -->\r\n\t\t<\/div> <!-- .et_pb_row -->\r\n\t\t\t\r\n\t\t<\/div> <!-- .et_pb_section --><\/p>\n","protected":false},"excerpt":{"rendered":"","protected":false},"author":1,"featured_media":0,"parent":0,"menu_order":0,"comment_status":"open","ping_status":"closed","template":"","meta":{"_exactmetrics_skip_tracking":false,"_exactmetrics_sitenote_active":false,"_exactmetrics_sitenote_note":"","_exactmetrics_sitenote_category":0,"footnotes":""},"class_list":["post-38","page","type-page","status-publish","hentry"],"aioseo_notices":[],"_links":{"self":[{"href":"https:\/\/albertomorais.com.br\/site\/wp-json\/wp\/v2\/pages\/38","targetHints":{"allow":["GET"]}}],"collection":[{"href":"https:\/\/albertomorais.com.br\/site\/wp-json\/wp\/v2\/pages"}],"about":[{"href":"https:\/\/albertomorais.com.br\/site\/wp-json\/wp\/v2\/types\/page"}],"author":[{"embeddable":true,"href":"https:\/\/albertomorais.com.br\/site\/wp-json\/wp\/v2\/users\/1"}],"replies":[{"embeddable":true,"href":"https:\/\/albertomorais.com.br\/site\/wp-json\/wp\/v2\/comments?post=38"}],"version-history":[{"count":7,"href":"https:\/\/albertomorais.com.br\/site\/wp-json\/wp\/v2\/pages\/38\/revisions"}],"predecessor-version":[{"id":178,"href":"https:\/\/albertomorais.com.br\/site\/wp-json\/wp\/v2\/pages\/38\/revisions\/178"}],"wp:attachment":[{"href":"https:\/\/albertomorais.com.br\/site\/wp-json\/wp\/v2\/media?parent=38"}],"curies":[{"name":"wp","href":"https:\/\/api.w.org\/{rel}","templated":true}]}}