{"id":52,"date":"2015-03-20T16:09:37","date_gmt":"2015-03-20T16:09:37","guid":{"rendered":"http:\/\/www.albertomorais.com.br\/site\/?page_id=52"},"modified":"2019-11-04T16:30:23","modified_gmt":"2019-11-04T16:30:23","slug":"home","status":"publish","type":"page","link":"https:\/\/albertomorais.com.br\/site\/","title":{"rendered":"Home"},"content":{"rendered":"<p><div class=\"et_pb_section et_pb_fullwidth_section et_section_regular\">\r\n\t\t\t\r\n\t\t\t\r\n\t\t\t\t\r\n\t\t\t\t<div class=\"et_pb_slider et_slider_auto et_slider_speed_4000\">\r\n\t\t\t<div class=\"et_pb_slides\">\r\n\t\t\t\t<div class=\"et_pb_slide et_pb_bg_layout_light et_pb_media_alignment_center\" style='background-color:#ffffff;background-image:url(http:\/\/www.albertomorais.com.br\/site\/wp-content\/uploads\/2015\/03\/slider1.jpg);'>\r\n\t\t\t\r\n\t\t\t<div class=\"et_pb_container clearfix\">\r\n\t\t\t\t\r\n\t\t\t\t<div class=\"et_pb_slide_description\">\r\n\t\t\t\t\t<h2><a href=\"http:\/\/www.albertomorais.com.br\/site\/cirurgia-palpebras\/\">Blefaroplastia<\/a><\/h2>\r\n\t\t\t\t\t<div class=\"et_pb_slide_content\">\n<p style=\"text-align: left;\">Corrige o excessos de pele,<br \/>\ngordura e flacidez das p\u00e1lpebras.<\/p>\n<\/div>\r\n\t\t\t\t\t<a href=\"http:\/\/www.albertomorais.com.br\/site\/cirurgia-palpebras\/\" class=\"et_pb_more_button\">Veja mais<\/a>\r\n\t\t\t\t<\/div> <!-- .et_pb_slide_description -->\r\n\t\t\t<\/div> <!-- .et_pb_container -->\r\n\t\t\t\r\n\t\t<\/div> <!-- .et_pb_slide -->\r\n\t\t<div class=\"et_pb_slide et_pb_bg_layout_light et_pb_media_alignment_center\" style='background-color:#ffffff;background-image:url(http:\/\/www.albertomorais.com.br\/site\/wp-content\/uploads\/2015\/03\/slider2.jpg);'>\r\n\t\t\t\r\n\t\t\t<div class=\"et_pb_container clearfix\">\r\n\t\t\t\t\r\n\t\t\t\t<div class=\"et_pb_slide_description\">\r\n\t\t\t\t\t<h2><a href=\"http:\/\/www.albertomorais.com.br\/site\/escleroterapia\/\">Escleroterapia<\/a><\/h2>\r\n\t\t\t\t\t<div class=\"et_pb_slide_content\">\n<p>\u00c9 o procedimento de fechamento<br \/>\nde varizes de fino, m\u00e9dio e grande calibre.<\/p>\n<\/div>\r\n\t\t\t\t\t<a href=\"http:\/\/www.albertomorais.com.br\/site\/escleroterapia\/\" class=\"et_pb_more_button\">Veja mais<\/a>\r\n\t\t\t\t<\/div> <!-- .et_pb_slide_description -->\r\n\t\t\t<\/div> <!-- .et_pb_container -->\r\n\t\t\t\r\n\t\t<\/div> <!-- .et_pb_slide -->\r\n\t\t\r\n\t\t\t<\/div> <!-- .et_pb_slides -->\r\n\t\t<\/div> <!-- .et_pb_slider -->\r\n\t\t\r\n\t\t\t\r\n\t\t<\/div> <!-- .et_pb_section --><div class=\"et_pb_section et_section_regular\" style='background-color:#053759;'>\r\n\t\t\t\r\n\t\t\t\r\n\t\t\t\t\r\n\t\t\t\t<div class=\"et_pb_row\">\r\n\t\t\t<div class=\"et_pb_column et_pb_column_4_4\">\r\n\t\t\t<div class=\"et_pb_text et_pb_bg_layout_dark et_pb_text_align_left\">\r\n\t\t\t\n<h1>Seguran\u00e7a<\/h1>\n\r\n\t\t<\/div> <!-- .et_pb_text -->\r\n\t\t<\/div> <!-- .et_pb_column -->\r\n\t\t<\/div> <!-- .et_pb_row --><div class=\"et_pb_row\">\r\n\t\t\t<div class=\"et_pb_column et_pb_column_1_2\">\r\n\t\t\t<div class=\"et_pb_text et_pb_bg_layout_dark et_pb_text_align_left\">\r\n\t\t\t\n<p>As cirurgias pl\u00e1sticas est\u00e9ticas s\u00e3o consideradas cirurgias eletivas, ou seja, o\u00a0paciente toma a decis\u00e3o de se submeter ao procedimento, mas nem por isso elas\u00a0devem ser tratadas com menos rigor.<\/p>\n<p>Todos os cuidados afim de evitar complica\u00e7\u00f5es\u00a0devem ser tomados, entre eles: seguir corretamente as recomenda\u00e7\u00f5es nos per\u00edodos\u00a0pr\u00e9 e p\u00f3s-operat\u00f3rio, a avalia\u00e7\u00e3o criteriosa da indica\u00e7\u00e3o da cirurgia para o paciente, a\u00a0realiza\u00e7\u00e3o da cirurgia em ambiente hospitalar e principalmente, a escolha do cirurgi\u00e3o\u00a0pl\u00e1stico.<\/p>\n\r\n\t\t<\/div> <!-- .et_pb_text --><div class=\"et_pb_text et_pb_bg_layout_dark et_pb_text_align_left\">\r\n\t\t\t\n<p>Esse \u00faltimo item pode ser considerado o mais importante na decis\u00e3o por uma\u00a0cirurgia pl\u00e1stica. Al\u00e9m da seguran\u00e7a, \u00e9 essencial que se estabele\u00e7a uma rela\u00e7\u00e3o de\u00a0confian\u00e7a com o seu m\u00e9dico, pois ele ir\u00e1 acompanh\u00e1-lo (a) durante muitos meses.<\/p>\n\r\n\t\t<\/div> <!-- .et_pb_text -->\r\n\t\t<\/div> <!-- .et_pb_column --><div class=\"et_pb_column et_pb_column_1_2\">\r\n\t\t\t<div class=\"et_pb_text et_pb_bg_layout_dark et_pb_text_align_left\">\r\n\t\t\t\n<h3>Somente operamos em hospitais credenciados:<\/h3>\n\r\n\t\t<\/div> <!-- .et_pb_text --><div class=\"et_pb_text et_pb_bg_layout_dark et_pb_text_align_left\">\r\n\t\t\t\n<p><a href=\"http:\/\/www.albertomorais.com.br\/site\/wp-content\/uploads\/2015\/03\/logoSL1.png\"><img loading=\"lazy\" decoding=\"async\" class=\"alignnone  wp-image-89\" src=\"http:\/\/www.albertomorais.com.br\/site\/wp-content\/uploads\/2015\/03\/logoSL1.png\" alt=\"logoSL1\" width=\"110\" height=\"48\" \/><\/a> \u00a0<a href=\"http:\/\/www.albertomorais.com.br\/site\/wp-content\/uploads\/2015\/03\/logoSaoL.png\"><img loading=\"lazy\" decoding=\"async\" class=\"alignnone  wp-image-87\" src=\"http:\/\/www.albertomorais.com.br\/site\/wp-content\/uploads\/2015\/03\/logoSaoL.png\" alt=\"logoSaoL\" width=\"105\" height=\"46\" \/><img loading=\"lazy\" decoding=\"async\" class=\"alignnone wp-image-86 \" src=\"http:\/\/www.albertomorais.com.br\/site\/wp-content\/uploads\/2015\/03\/logoAA.png\" alt=\"logoAA\" width=\"103\" height=\"48\" \/><\/a> <img loading=\"lazy\" decoding=\"async\" class=\"alignnone  wp-image-88\" src=\"http:\/\/www.albertomorais.com.br\/site\/wp-content\/uploads\/2015\/03\/logoSC.png\" alt=\"logoSC\" width=\"111\" height=\"51\" \/><\/p>\n\r\n\t\t<\/div> <!-- .et_pb_text --><div class=\"et_pb_promo et_pb_bg_layout_dark et_pb_text_align_left et_pb_no_bg\">\r\n\t\t\t<div class=\"et_pb_promo_description\">\r\n\t\t\t\t\r\n\t\t\t\t\r\n\t\t\t<\/div>\r\n\t\t\t<a class=\"et_pb_promo_button\" href=\"http:\/\/www.albertomorais.com.br\/site\/seguranca\/\">Saiba mais<\/a>\r\n\t\t<\/div>\r\n\t\t<\/div> <!-- .et_pb_column -->\r\n\t\t<\/div> <!-- .et_pb_row -->\r\n\t\t\t\r\n\t\t<\/div> <!-- .et_pb_section --><div class=\"et_pb_section et_section_regular\" style='background-color:#ffffff;'>\r\n\t\t\t\r\n\t\t\t\r\n\t\t\t\t\r\n\t\t\t\t<div class=\"et_pb_row\">\r\n\t\t\t<div class=\"et_pb_column et_pb_column_1_3\">\r\n\t\t\t<img decoding=\"async\" src=\"http:\/\/www.albertomorais.com.br\/site\/wp-content\/uploads\/2015\/03\/Dr-Alberto-Com-Nome-310x380.png\" alt=\"\" class=\"et-waypoint et_pb_image et_pb_animation_left\" \/>\r\n\t\t<\/div> <!-- .et_pb_column --><div class=\"et_pb_column et_pb_column_2_3\">\r\n\t\t\t<div class=\"et_pb_text et_pb_bg_layout_light et_pb_text_align_left\">\r\n\t\t\t\n<h1>Dr. Alberto Morais Rom\u00e3o<\/h1>\n\r\n\t\t<\/div> <!-- .et_pb_text --><div class=\"et_pb_text et_pb_bg_layout_light et_pb_text_align_left\">\r\n\t\t\t\n<h2>Forma\u00e7\u00e3o acad\u00eamica\/titula\u00e7\u00e3o<\/h2>\n<p>Especializa\u00e7\u00e3o em Cirurgia Pl\u00e1stica pela Universidade Federal de S\u00e3o Paulo \u2013\u00a0UNIFESP.<\/p>\n<p>Especializa\u00e7\u00e3o em Cirurgia Geral pela Universidade Federal de S\u00e3o Paulo \u2013 UNIFESP.<\/p>\n<p>Gradua\u00e7\u00e3o em Medicina pela Universidade Federal de S\u00e3o Paulo \u2013 UNIFESP.<\/p>\n<p>Membro da Sociedade Brasileira de Cirurgia Pl\u00e1stica \u2013 SBCP.<\/p>\n<p>Experi\u00eancia de 10 anos com escleroterapia de varizes, t\u00e9cnica introduzida no Brasil pelo\u00a0Dr. Jaime Moraes.<\/p>\n\r\n\t\t<\/div> <!-- .et_pb_text -->\r\n\t\t<\/div> <!-- .et_pb_column -->\r\n\t\t<\/div> <!-- .et_pb_row -->\r\n\t\t\t\r\n\t\t<\/div> <!-- .et_pb_section --><div class=\"et_pb_section procedimentos et_section_regular\" style='background-color:#ffffff;background-image:url(http:\/\/www.albertomorais.com.br\/site\/wp-content\/uploads\/2015\/03\/bg_content.png);'>\r\n\t\t\t\r\n\t\t\t\r\n\t\t\t\t\r\n\t\t\t\t<div class=\"et_pb_row\">\r\n\t\t\t<div class=\"et_pb_column et_pb_column_4_4\">\r\n\t\t\t<div class=\"et_pb_text et_pb_bg_layout_dark et_pb_text_align_center aba_procedimentos\">\r\n\t\t\t\n<h2>Procedimentos<\/h2>\n\r\n\t\t<\/div> <!-- .et_pb_text -->\r\n\t\t<\/div> <!-- .et_pb_column -->\r\n\t\t<\/div> <!-- .et_pb_row --><div class=\"et_pb_row\">\r\n\t\t\t<div class=\"et_pb_column et_pb_column_1_3\">\r\n\t\t\t<img decoding=\"async\" src=\"http:\/\/www.albertomorais.com.br\/site\/wp-content\/uploads\/2015\/03\/img1.png\" alt=\"\" class=\"et-waypoint et_pb_image et_pb_animation_left action_img\" \/><div class=\"et_pb_text et_pb_bg_layout_light et_pb_text_align_center\">\r\n\t\t\t\n<h4>CIRURGIA PL\u00c1STICA<\/h4>\n<p>Conhe\u00e7a aqui os\u00a0procedimentos realizados pelo <span class=\"il\">Dr<\/span>. <span class=\"il\">Alberto<\/span>.<\/p>\n\r\n\t\t<\/div> <!-- .et_pb_text --><div class=\"et_pb_promo et_pb_bg_layout_light et_pb_text_align_center et_pb_no_bg\">\r\n\t\t\t<div class=\"et_pb_promo_description\">\r\n\t\t\t\t\r\n\t\t\t\t\r\n\t\t\t<\/div>\r\n\t\t\t<a class=\"et_pb_promo_button\" href=\"http:\/\/www.albertomorais.com.br\/site\/cirurgias-esteticas-reparadoras\/\">Veja mais<\/a>\r\n\t\t<\/div>\r\n\t\t<\/div> <!-- .et_pb_column --><div class=\"et_pb_column et_pb_column_1_3\">\r\n\t\t\t<img decoding=\"async\" src=\"http:\/\/www.albertomorais.com.br\/site\/wp-content\/uploads\/2015\/03\/img2.png\" alt=\"\" class=\"et-waypoint et_pb_image et_pb_animation_left action_img\" \/><div class=\"et_pb_text et_pb_bg_layout_light et_pb_text_align_center\">\r\n\t\t\t\n<h4>ESCLEROTERAPIA<\/h4>\n<p>\u00c9 o procedimento de fechamento de varizes de fino, m\u00e9dio e grande calibre.<\/p>\n\r\n\t\t<\/div> <!-- .et_pb_text --><div class=\"et_pb_promo et_pb_bg_layout_light et_pb_text_align_center et_pb_no_bg\">\r\n\t\t\t<div class=\"et_pb_promo_description\">\r\n\t\t\t\t\r\n\t\t\t\t\r\n\t\t\t<\/div>\r\n\t\t\t<a class=\"et_pb_promo_button\" href=\"http:\/\/www.albertomorais.com.br\/site\/escleroterapia\/\">Veja mais<\/a>\r\n\t\t<\/div>\r\n\t\t<\/div> <!-- .et_pb_column --><div class=\"et_pb_column et_pb_column_1_3\">\r\n\t\t\t<img decoding=\"async\" src=\"http:\/\/www.albertomorais.com.br\/site\/wp-content\/uploads\/2015\/03\/img3.png\" alt=\"\" class=\"et-waypoint et_pb_image et_pb_animation_left action_img\" \/><div class=\"et_pb_text et_pb_bg_layout_light et_pb_text_align_center\">\r\n\t\t\t\n<h4>COSMIATRIA<\/h4>\n<p>Laser de CO2 Fracionado<br \/>\nAplica\u00e7\u00e3o de toxina Botul\u00ednica<br \/>\nPreenchimento com \u00c1cido Hialur\u00f4nico.<\/p>\n\r\n\t\t<\/div> <!-- .et_pb_text --><div class=\"et_pb_promo et_pb_bg_layout_light et_pb_text_align_center et_pb_no_bg\">\r\n\t\t\t<div class=\"et_pb_promo_description\">\r\n\t\t\t\t\r\n\t\t\t\t\r\n\t\t\t<\/div>\r\n\t\t\t<a class=\"et_pb_promo_button\" href=\"http:\/\/www.albertomorais.com.br\/site\/cosmiatria\/\">Veja mais<\/a>\r\n\t\t<\/div>\r\n\t\t<\/div> <!-- .et_pb_column -->\r\n\t\t<\/div> <!-- .et_pb_row -->\r\n\t\t\t\r\n\t\t<\/div> <!-- .et_pb_section --><div class=\"et_pb_section et_pb_fullwidth_section et_section_regular et_section_transparent\">\r\n\t\t\t\r\n\t\t\t\r\n\t\t\t\t\r\n\t\t\t\t<section class=\"et_pb_fullwidth_header et_pb_bg_layout_dark et_pb_text_align_left localizacao\">\r\n\t\t\t<div class=\"et_pb_row\">\r\n\t\t\t\t<h1>Localiza\u00e7\u00e3o<\/h1>\r\n\t\t\t\t\r\n\t\t\t<\/div>\r\n\t\t<\/section>\r\n\t\t\t\r\n\t\t<\/div> <!-- .et_pb_section --><div class=\"et_pb_section imgmapa et_section_regular\" style='background-color:#ffffff;'>\r\n\t\t\t\r\n\t\t\t\r\n\t\t\t\t\r\n\t\t\t\t<div class=\"et_pb_row\">\r\n\t\t\t<div class=\"et_pb_column et_pb_column_4_4\">\r\n\t\t\t<a href=\"http:\/\/www.albertomorais.com.br\/site\/localizacao\/\"><img decoding=\"async\" src=\"http:\/\/www.albertomorais.com.br\/site\/wp-content\/uploads\/2015\/03\/Captura-de-Tela-2015-03-30-\u00e0s-16.56.46.png\" alt=\"\" class=\"et-waypoint et_pb_image et_pb_animation_left\" \/><\/a>\r\n\t\t<\/div> <!-- .et_pb_column -->\r\n\t\t<\/div> <!-- .et_pb_row -->\r\n\t\t\t\r\n\t\t<\/div> <!-- .et_pb_section --><\/p>\n","protected":false},"excerpt":{"rendered":"","protected":false},"author":1,"featured_media":0,"parent":0,"menu_order":0,"comment_status":"open","ping_status":"open","template":"","meta":{"_exactmetrics_skip_tracking":false,"_exactmetrics_sitenote_active":false,"_exactmetrics_sitenote_note":"","_exactmetrics_sitenote_category":0,"footnotes":""},"class_list":["post-52","page","type-page","status-publish","hentry"],"aioseo_notices":[],"_links":{"self":[{"href":"https:\/\/albertomorais.com.br\/site\/wp-json\/wp\/v2\/pages\/52","targetHints":{"allow":["GET"]}}],"collection":[{"href":"https:\/\/albertomorais.com.br\/site\/wp-json\/wp\/v2\/pages"}],"about":[{"href":"https:\/\/albertomorais.com.br\/site\/wp-json\/wp\/v2\/types\/page"}],"author":[{"embeddable":true,"href":"https:\/\/albertomorais.com.br\/site\/wp-json\/wp\/v2\/users\/1"}],"replies":[{"embeddable":true,"href":"https:\/\/albertomorais.com.br\/site\/wp-json\/wp\/v2\/comments?post=52"}],"version-history":[{"count":72,"href":"https:\/\/albertomorais.com.br\/site\/wp-json\/wp\/v2\/pages\/52\/revisions"}],"predecessor-version":[{"id":237,"href":"https:\/\/albertomorais.com.br\/site\/wp-json\/wp\/v2\/pages\/52\/revisions\/237"}],"wp:attachment":[{"href":"https:\/\/albertomorais.com.br\/site\/wp-json\/wp\/v2\/media?parent=52"}],"curies":[{"name":"wp","href":"https:\/\/api.w.org\/{rel}","templated":true}]}}